 divided by 4?
3
Let f(c) = c**2 + 6*c + 1. Suppose 0 = 5*r + 4*t + 89 - 327, -5*t - 165 = -3*r. What is the remainder when r is divided by f(-8)?
16
Let z = -11 - -40. Let c(f) = 5*f + 14. Let o(a) = -6*a - 15. Let q(k) = 5*c(k) + 4*o(k). What is the remainder when z is divided by q(0)?
9
Let p = -4 + 7. Calculate the remainder when -3 + p - -1 - -90 is divided by 23.
22
Let f be (-2)/(-4) - 1/2. Suppose 3*t + 10 - 37 = f. Suppose 10*n = 12*n - 34. What is the remainder when n is divided by t?
8
Let c(m) = -m + 9. Let a be c(-7). Suppose d - a = 5*d. What is the remainder when (-2 + d)*6/(-9) is divided by 3?
1
Let b(z) = -z + 12. Let t be b(7). Let d(v) = 6*v**2 + 3*v - 5. Let q(o) = -o**2. Let y(s) = d(s) + 5*q(s). Calculate the remainder when y(t) is divided by 9.
8
Let x be 2/4 - (-2)/(-4). Suppose -2*b + x*b + 28 = 0. Calculate the remainder when 25 is divided by b.
11
Suppose 0 = 25*w - 16*w - 279. Let m = -66 - -126. Calculate the remainder when m is divided by w.
29
Let a(w) = w**2 + 6*w + 8. Suppose -6*m + 33 = -3*n - m, -2*m = -6. What is the remainder when 21 is divided by a(n)?
5
Let g(p) = -p**2 - p. Let v be g(-3). Let o(c) = c**3 + 13*c**2 - c - 1. Calculate the remainder when o(-13) is divided by (-30)/(-4) - v/(-12).
5
What is the remainder when ((-3)/3)/(54/(-26) - -2) is divided by (-14)/(-4) - 1/(-2)?
1
Let w = -2 + 9. Calculate the remainder when (4 + -2)*6 + 0 is divided by w.
5
Let u(f) = 9*f - 3. Let l be u(4). Let i(j) = -9*j + 1. Let r be i(-5). Let a = r - l. What is the remainder when 25 is divided by a?
12
Let d = -100 - -137. Let h = -3 + 6. Suppose -h*a + 26 = -a. Calculate the remainder when d is divided by a.
11
Calculate the remainder when 3/3 + (0 - -39) is divided by 14.
12
Suppose 4*f - 20 = 0, -5*j + f + 0*f = -155. What is the remainder when 63 is divided by j?
31
Calculate the remainder when 39 is divided by 4/(-6) - (74/(-3) + 4).
19
What is the remainder when ((-9)/(-6))/(6/124) is divided by 16?
15
Let n = -37 + 87. Suppose 2*y - n = 8. Calculate the remainder when 1 - y*(-3 - -2) is divided by 16.
14
Let p(f) = f**3 + 3*f**2 + 3*f + 1. Let m be p(-2). Calculate the remainder when 13 is divided by m + 10 - (1 + 1).
6
Let i(j) = -5*j + 9. Let a(l) = -4*l**3 - 1. Let g be a(-1). Suppose -g*c = 32 - 8. Calculate the remainder when i(c) is divided by 17.
15
Let y = 9 + -5. Suppose -4*o + t + 23 = 2*t, -2*o + y*t = -16. Calculate the remainder when 35 is divided by o/8 - 135/(-12).
11
Suppose -p + 2 = 0, -5*p + 8 = 4*z - 106. Calculate the remainder when z is divided by 3.
2
Suppose t - 6*t = -65. Suppose 2*l + 8 = 4*m - 2*l, 2*m = -l + t. Let w(v) = -v**3 - 7*v**2 - 7*v - 3. Calculate the remainder when m is divided by w(-6).
2
Suppose 125 - 14 = 3*w. What is the remainder when w is divided by 19?
18
Let d = 11 - 6. Suppose -u = -d*u + 24. Calculate the remainder when (-1)/(-2) + 42/4 is divided by u.
5
Let i(u) = u**2 - 18*u - 2. What is the remainder when 48 is divided by i(19)?
14
Let f = 219 - 144. Let y = -52 + f. Let c(n) = -3*n - 7. Calculate the remainder when y is divided by c(-5).
7
Suppose -b = -2*l + 11, l - 4*b = -4 - 1. What is the remainder when l is divided by 5?
2
Suppose 0*d - 2*t + 4 = -d, -16 = 4*d + 2*t. Calculate the remainder when 1 - (1 + 2) - d is divided by 1.
0
Let t be 9/(-6) - 9/(-2). Let v(c) = c - 5. Let d be v(7). Suppose d*a + t*a = 90. Calculate the remainder when a is divided by 10.
8
Suppose 2*n + t = -15, -3*n - 20 = -0*n + t. Let v be (-2 - n) + (2 - 2). Suppose -v*d = 19 - 52. Calculate the remainder when d is divided by 6.
5
Let g be (-12 - -3) + 2 - 0. Calculate the remainder when 70 is divided by (-2 - -2) + (11 - g).
16
Suppose -2*d = 5 + 3. Let i = 1 + d. Calculate the remainder when 13 is divided by 5/(15/24) + i.
3
What is the remainder when (-104)/(-52)*(15/2 + 0) is divided by 8?
7
Let u = 62 + -42. Suppose 111 + 285 = 3*p. Suppose -4*b + 24 = -p. Calculate the remainder when b is divided by u.
19
Suppose 504 = 19*v - 351. Calculate the remainder when v is divided by 18.
9
Let k(p) = 4*p**2 + 10*p - 13. Let i(b) = -7*b**2 - 21*b + 27. Let m(n) = 3*i(n) + 5*k(n). What is the remainder when m(-11) is divided by 13?
12
Suppose 0 = 4*a + 16, -3*q = -5*a - 163 - 19. What is the remainder when q is divided by 19?
16
Suppose 4*c = 3*c + 349. Let s be c/2 + (-1)/(-2). Suppose s = -4*a + 431. What is the remainder when a is divided by 22?
20
Suppose 4*y + 11 = 75. What is the remainder when 66 is divided by y - 0 - -1*1?
15
Let n = 31 - 24. Calculate the remainder when n is divided by 5.
2
Let o(t) = t - 9. Let j be o(8). What is the remainder when 37 is divided by j/2 + 117/6?
18
Suppose -21 = -5*q - 1, d = 5*q - 14. Suppose -160 = 2*y - d*y. What is the remainder when 15 is divided by (18/15)/(6/y)?
7
Let g be -1 - (-1 - (-1 - -1)). Suppose g = 4*u - 194 + 46. What is the remainder when u is divided by 13?
11
Suppose -25 = -14*h + 17. Calculate the remainder when 11 is divided by h.
2
Let v(z) = -z**3 - 7*z**2 + 5*z - 7. What is the remainder when v(-8) is divided by 7?
3
Suppose 2*g - 5*g + 78 = 0. Calculate the remainder when g is divided by 10.
6
Suppose 10*t - 6 = 7*t. Let b be 0 - (-2 + -2 + t). Suppose -50 = -3*q - b*q. What is the remainder when 18 is divided by q?
8
Suppose 6*h = 5*h. Suppose h = -s + 1. What is the remainder when 2 is divided by s?
0
Let q(c) = -c**3 + 8*c**2 + 4*c + 5. Let p be q(8). Suppose -p - 8 = -5*a. Calculate the remainder when 17 is divided by a.
8
Let i(u) = u**3 + 4*u - 3. Let d(a) = 2*a**2 - 17*a + 10. Calculate the remainder when i(3) is divided by d(9).
17
Let i(b) = b**3 - 2*b**2 - b + 1. Suppose -r + 9 = 2*r. What is the remainder when 18 is divided by i(r)?
4
Let f = -8 + 47. What is the remainder when f is divided by 10?
9
Let j(l) = -l**2 + 18*l - 3. What is the remainder when j(17) is divided by 8?
6
Let z(f) = 2 - 4 + f**2 + 2. Calculate the remainder when 73 is divided by z(5).
23
Let r(s) = -s + 14. Calculate the remainder when (24/(-14))/(2/(-14)) is divided by r(7).
5
Let a(t) = t**2 - t + 1. What is the remainder when a(-3) is divided by 7?
6
Suppose 3*p = -3*l + 27, 0 = -5*p - 5*l + l + 48. Calculate the remainder when 45 is divided by p.
9
Calculate the remainder when 36 is divided by 100/(-15)*(18/(-15) + 0).
4
Let g be -9 + (-4 + 2 - -4). Let x = g + 31. What is the remainder when x is divided by 13?
11
Suppose -45 = -4*r + 3*o, 6*r - o = 5*r + 12. What is the remainder when 35 is divided by r?
8
Suppose 3*x + 2*r = 40, r = 5*x - 4*r - 75. Calculate the remainder when 82 is divided by x.
12
Suppose 11 = 2*j + j + 2*h, -1 = -j + 2*h. Suppose 5*z = 205 - 25. Suppose -3*q + z = j*t, 74 = 3*t - 3*q + 8. What is the remainder when 50 is divided by t?
16
Suppose -3*t - t - 8 = 0. Let r(w) = -21*w - 8. Let x(i) = i + 1. Let b(s) = r(s) + 5*x(s). Calculate the remainder when b(t) is divided by 15.
14
Suppose -3*t + 7*t = 40. Suppose 6*o - 4*o - 10 = 0. What is the remainder when t is divided by (-1 + 0)*1 + o?
2
Let g(y) = y**2 - 15*y + 17. Suppose 0 = -p - 3 + 17. What is the remainder when g(p) is divided by 3?
0
Suppose -n = 3*n - 100. Suppose -4*b + 0*c = 3*c - 55, -5*b - c + 66 = 0. Calculate the remainder when n is divided by b.
12
Let i be (0 + 0/1)/1. Let t(m) = m**2 + m + 66. Let f be t(i). Suppose 5*d - f = 14. Calculate the remainder when 47 is divided by d.
15
Let g = -17 - -20. Let j(o) = 2*o - 9. Let k be j(6). Suppose -4*z - 4*s + 68 = 0, -k*s + 27 = -2*z + g*z. Calculate the remainder when 34 is divided by z.
10
Let o(d) = 7*d**3 - 3*d**2 - 2*d**3 + 2*d**2. Let m be o(1). Let w(v) = 3*v + 4. What is the remainder when w(m) is divided by 6?
4
Let x(m) = m**3 - m**2 - m + 4. Suppose 0 = -3*f - 0*f + 33. What is the remainder when f is divided by x(0)?
3
Let l = 17 + -10. Let s(u) = 3*u + 8. Calculate the remainder when s(6) is divided by l.
5
Let x(m) = -m + 2. Let n(s) = s**2 + 7*s + 8. Let t = -11 - -5. Calculate the remainder when n(t) is divided by x(0).
0
Let p = 24 + 17. What is the remainder when p is divided by 11?
8
Let i(c) = -c**2 - 8*c - 8. Let q be i(-6). Suppose j + 35 = 5*n, -j = q*n - 7 - 21. What is the remainder when n is divided by (1*-1)/(5/(-15))?
1
Let z = -10 - -15. Calculate